culate l(0).
825
Let c(i) = 2090*i**2 + 756592*i + 4351. Determine c(-362).
7
Let k(o) = 5*o**3 - 42305*o**2 + 84606*o - 1. What is k(2)?
31
Let m(g) = -g**2 - 749*g - 140192. Determine m(-394).
-322
Let a(n) = -22*n**2 - 82*n - 103. Give a(-3).
-55
Let k(q) = 92457*q + 20895299. Determine k(-226).
17
Let i(s) = -9*s**2 + 12044*s + 611754. Calculate i(-49).
-11
Let v(f) = -3*f**2 - 996*f + 8172. Calculate v(-340).
12
Let t(v) = 11338*v + 13. What is t(0)?
13
Let l(w) = -608*w + 74949. Give l(123).
165
Let d(i) = -460081*i - 7821377. What is d(-17)?
0
Let l(v) = -40*v**2 - 7847*v - 1390. Calculate l(-196).
-18
Let i(z) = 3*z**2 + 105068*z + 630355. Calculate i(-6).
55
Let u(b) = -14*b**2 + 19*b + 69. Give u(3).
0
Let f(b) = -2*b**3 - 187*b**2 + 504*b + 2303. Calculate f(-96).
-1
Let c(n) = -97447*n - 292165. What is c(-3)?
176
Let l(m) = 2*m**3 + 174*m**2 + 134*m - 3009. Give l(-86).
259
Let g(m) = -m**3 + 18*m**2 + 783*m - 608. Determine g(38).
266
Let d(c) = -335*c + 853. Determine d(4).
-487
Let j(g) = 26190*g - 995213. What is j(38)?
7
Let r(g) = -2*g**3 + 27*g**2 - 117*g + 409. Give r(10).
-61
Let c(b) = 386*b + 134341. Determine c(-348).
13
Let d(p) = 2*p**3 + 551*p**2 - 1954*p + 207. Give d(-279).
486
Let b(k) = -3048*k - 27756. Determine b(-9).
-324
Let y(t) = 788*t - 368022. Determine y(467).
-26
Let y(j) = 16*j**3 + 97*j**2 - 13*j - 106. Give y(-6).
8
Let l(g) = g**3 - 104*g**2 - 10041*g + 1459. Calculate l(-61).
-5
Let v(r) = -715*r + 3275. Calculate v(5).
-300
Let x(m) = -2*m**3 - 26*m**2 + 441*m + 244. What is x(10)?
54
Let a(x) = 13005*x - 65041. Give a(5).
-16
Let l(v) = -137*v**2 + 3863*v - 747. Determine l(28).
9
Let f(x) = -6*x**2 - 75*x - 655. Give f(-19).
-1396
Let m(q) = 240*q**2 - 7723*q + 15441. Give m(2).
955
Let l(h) = 73920*h + 886914. Give l(-12).
-126
Let a(g) = 69*g**2 + 604*g + 734. What is a(-8)?
318
Let r(w) = -730*w + 42358. Calculate r(58).
18
Let j(i) = 5*i**3 - 605*i**2 + 12674*i + 1511. What is j(94)?
7
Let g(b) = 261972*b - 5239445. Determine g(20).
-5
Let r(v) = -4*v**2 - 1409*v + 24725. What is r(-369)?
2
Let h(i) = 64320*i - 2830077. Calculate h(44).
3
Let u(m) = 55*m**2 + 937*m - 3682. Determine u(4).
946
Let y(h) = h**3 - 82*h**2 + 452*h - 30041. What is y(81)?
10
Let a(p) = -p**3 + 154*p**2 - 752*p + 1197. Determine a(149).
154
Let p(t) = 4*t**3 - 114*t**2 - 80*t + 272. Give p(29).
-366
Let p(k) = -26545*k + 1274172. Give p(48).
12
Let d(s) = s**3 + 29*s**2 + 149*s - 116. Determine d(-19).
663
Let a(i) = 359*i**2 - 55643*i + 56. Calculate a(155).
366
Let y(c) = -c**3 + 135*c**2 + 3602*c + 5555. Determine y(158).
499
Let a(q) = -q**2 - 913*q + 41113. Calculate a(43).
5
Let a(p) = 9827*p + 569936. What is a(-58)?
-30
Let r(j) = -32*j**3 + 1697*j**2 - 63*j + 373. Give r(53).
-157
Let r(d) = d**3 - 20*d**2 + 334*d - 6163. Give r(19).
-178
Let g(c) = -c**2 + 532*c - 20544. Calculate g(490).
36
Let f(u) = 3*u**3 - 170*u**2 + 110*u + 265. Calculate f(56).
153
Let p(q) = 7*q**2 + 2161*q + 14210. Give p(-302).
16
Let d(n) = n**2 - 54711*n - 930367. Give d(-17).
9
Let z(y) = -3920*y + 35343. What is z(9)?
63
Let h(p) = 7905*p - 363622. What is h(46)?
8
Let d(g) = 4*g**2 - 300*g - 180. What is d(76)?
124
Let b(n) = 15*n**2 + 377*n + 1277. What is b(-4)?
9
Let t(m) = m**3 + 134*m**2 + 409*m + 2122. What is t(-131)?
26
Let s(o) = 17*o**3 + 32*o**2 + 125*o + 473. Determine s(-4).
-603
Let r(q) = -48274*q - 337681. Calculate r(-7).
237
Let l(z) = -90*z**2 + 178*z + 491. What is l(-3)?
-853
Let a(h) = -12*h**2 + 79*h + 764. Determine a(-11).
-1557
Let i(o) = -3239*o - 24500. What is i(-8)?
1412
Let v(a) = 64*a**2 + 119*a + 223. Determine v(-8).
3367
Let w(b) = -b**2 + 880*b - 42214. What is w(51)?
65
Let j(a) = a**2 + 434070*a + 2170331. Calculate j(-5).
6
Let a(j) = j**3 + 135*j**2 - 687*j + 27. Give a(5).
92
Let y(i) = -19041*i + 19056. Give y(1).
15
Let p(c) = -3*c**3 - 7*c**2 - 110*c - 834. What is p(-10)?
2566
Let u(t) = 241*t - 1776. What is u(9)?
393
Let c(a) = -129*a + 1492. What is c(11)?
73
Let k(f) = -923014*f - 2769046. Give k(-3).
-4
Let d(p) = -4*p - 284. Give d(-78).
28
Let q(g) = -89*g**2 + 165*g - 545. What is q(3)?
-851
Let q(o) = -975*o - 1471. Give q(-4).
2429
Let b(n) = -48*n**2 - 521*n + 75. Determine b(-12).
-585
Let k(d) = -6*d**2 + 247*d + 1706. Give k(-6).
8
Let s(m) = -74775*m - 30. What is s(0)?
-30
Let b(o) = -8540849*o + 51245090. Calculate b(6).
-4
Let v(j) = 2*j**2 - 743*j - 105270. Determine v(481).
69
Let p(l) = -221*l + 8955. Calculate p(27).
2988
Let d(a) = -4*a**3 - 354*a**2 - 2203*a - 49. Determine d(-6).
1289
Let c(s) = 15*s**2 - 24*s - 1973. Give c(13).
250
Let c(b) = -3*b**2 - 283*b + 6072. What is c(18)?
6
Let h(a) = 1112*a**2 - 5589*a + 107. Determine h(5).
-38
Let a(z) = z**3 + 436*z**2 + 979*z + 48171. What is a(-434)?
-3
Let x(z) = -z**3 + 569*z**2 + 2869*z + 661. Give x(574).
87
Let k(i) = 6*i**3 + 144*i**2 + 595*i - 60. Determine k(-19).
-535
Let s(r) = -302*r - 10196. What is s(-34)?
72
Let d(n) = -377*n + 32419. Give d(86).
-3
Let w(r) = 4*r**3 - 3*r**2 - 1865*r + 3729. Determine w(2).
19
Let n(r) = -10*r**2 + 944*r - 21730. What is n(55)?
-60
Let o(s) = 195*s**2 + 52*s - 54. What is o(-3)?
1545
Let m(l) = -73*l + 3508. What is m(58)?
-726
Let u(o) = -1123*o - 93943. What is u(-84)?
389
Let q(o) = 2*o**3 - 7*o**2 - 7519*o + 66759. Determine q(9).
-21
Let k(m) = -2*m**3 - 607*m**2 - 3277*m + 33. Determine k(-298).
-265
Let r(t) = -t**3 - 505*t**2 - 471*t + 16632. What is r(-504)?
0
Let y(s) = 124*s**2 + 1724*s - 72. Calculate y(-14).
96
Let u(v) = -4*v**3 + 97*v**2 + 180*v + 66. Calculate u(26).
14
Let y(z) = -z**3 + 117*z**2 + 240*z - 28344. Give y(117).
-264
Let x(n) = -2*n**3 - 161*n**2 + 594*n + 134. Give x(-84).
-370
Let a(y) = -643*y + 33669. Give a(53).
-410
Let a(s) = s**3 + 132*s**2 - 23*s + 589. Determine a(-132).
3625
Let w(h) = 2*h**3 - 43*h**2 - 50*h - 8. Give w(22).
-624
Let b(f) = 3465*f + 304921. Give b(-88).
1
Let i(l) = -4494*l - 4053591. Calculate i(-902).
-3
Let v(x) = 147*x + 21329. Determine v(-145).
14
Let b(o) = 2362*o - 88095. Determine b(37).
-701
Let f(x) = 19*x**2 - 104*x - 414. Calculate f(-4).
306
Let l(c) = 2*c**3 - 48*c**2 - 15*c - 217. What is l(24)?
-577
Let m(l) = -149308*l + 1343701. What is m(9)?
-71
Let a(o) = o**2 - 25*o - 13377. Determine a(-103).
-193
Let u(z) = -z**3 - 39*z**2 - 466*z - 1102. Give u(-13).
562
Let o(w) = -w**2 + 147*w + 646. What is o(154)?
-432
Let g(f) = -9*f**3 - 578*f**2 - 131*f - 181. Calculate g(-64).
11
Let k(q) = -q**3 + 21*q**2 - 109*q + 151. What is k(16)?
-313
Let b(t) = t**3 + 10*t**2 - 273*t - 2288. Determine b(16).
0
Let a(l) = -8987*l + 10073. Give a(1).
1086
Let l(p) = -p**2 + 2389*p - 112365. Determine l(48).
3
Let b(q) = 2*q**3 - 126*q**2 - 277*q + 902. Determine b(65).
-203
Let b(y) = 23*y**3 + 8254*y**2 - 1079*y - 681. Calculate b(-359).
37
Let f(q) = q**3 - 192*q**2 + 571*q - 377. Calculate f(189).
379
Let b(j) = 3*j**2 - 724*j + 20957. Calculate b(32).
861
Let r(q) = 8*q**2 + 671*q + 11048. Calculate r(-61).
-115
Let y(i) = 5231*i - 800357. Determine y(153).
-14
Let j(r) = 4*r**2 - 72*r + 346. Give j(9).
22
Let s(y) = 84912*y - 764174. Determine s(9).
34
Let i(p) = -p**2 + 1670*p - 31369. Calculate i(19).
0
Let k(q) = q**3 + 168*q**2 - 752*q - 40849. What is k(-171)?
20
Let s(c) = -72*c**2 - 2249*c - 17156. Determine s(-18).
-2
Let c(o) = 21*o**2 + 7414*o + 349. Calculate c(-353).
-4
Let t(y) = -661*y**2 + 7913*y + 80. Determine t(12).
-148
Let y(k) = 5982*k + 317030. What is y(-53)?
-16
Let d(l) = 20*l**2 - 307*l - 770. Determine d(10).
-1840
Let r(g) = 54*g**2 + 898*g + 160. Give r(-16).
-384
Let t(g) = g**3 + 39*g**2 - 1255*g - 87. What is t(21)?
18
Let m(j) = 797*j + 8163. What is m(-10)?
193
Let y(j) = -49*j**2 - 2971*j - 2968. Calculate y(-1).
-46
Let f(z) = -348*z**2 + 65*z - 129. Calculate f(2).
-1391
Let l(q) = 3760*q + 669215. Determine l(-178).
-65
Let g(d) = 4*d**2 - 1143*d + 58451. Give g(219).
-22
Let q(y) = 1257*y - 74932. Calculate q(63).
4259
Let c(z) = 8*z**2 + 1433*z + 7126. Determine c(-174).
-8
Let q(t) = 64*t - 2865. Give q(74).
1871
Let q(x) = 5*x**3 - 182*x**2 - 1606*x + 25. Give q(-8).
-1335
Let j(s) = 183*s**2 + 184*s - 1. Give j(1).
366
Let x(c) = 85*c - 1116